m + 7854 = -299*m. Calculate the greatest common divisor of m and 126.
42
Let g(f) = f**3 + 7*f**2 - 2*f - 1. Let x be g(-5). Calculate the highest common factor of x and 177.
59
Suppose 2*m = -3*u + 3*m + 46, m = -5*u + 82. Calculate the greatest common factor of u and 8.
8
Suppose 7*l - 3*l = -3*j - 8, j + 4*l + 16 = 0. Let t be (-2)/j + 9336/16. What is the greatest common divisor of t and 53?
53
Suppose 5*d + 10 = 0, -r - 6*d + 69 = -2*d. Calculate the greatest common divisor of 28 and r.
7
Suppose -t + 15 = 4*h, -7*t - 5*h = -2*t - 15. Let s be t/(2*(-1)/32). What is the greatest common factor of 2 and s?
2
Let z = 26 - 18. Let k be 0/((-1)/((-4)/z)). Suppose k = g + 3*o - 3, -o - 12 = -4*g - 0*g. Calculate the greatest common divisor of g and 27.
3
Let b(y) = -y**3 + 6*y**2 - y - 11. Let g be b(5). Suppose f - g*f = -136. Calculate the greatest common divisor of f and 119.
17
Let k = -1 - -37. Calculate the greatest common divisor of k and 156.
12
Let y be 6/10 + 291/15 + -6. Calculate the greatest common divisor of 49 and y.
7
Let a = -249 + 258. What is the greatest common factor of a and 9?
9
Suppose 2*h = 418 - 10. Calculate the greatest common divisor of h and 4.
4
Suppose 5*f - 14 = x, 0*f + f - x - 6 = 0. Calculate the highest common divisor of 18 and f.
2
Let g be 8/10*(-910)/(-52). Calculate the highest common factor of 14 and g.
14
Let c(k) be the second derivative of 5*k**4 + k**3/6 + 34*k. Let o be c(2). Calculate the greatest common divisor of o and 22.
22
Suppose 0 = 5*o + 2*z - 1324, -136*o = -132*o + 5*z - 1049. What is the greatest common divisor of 190 and o?
38
Suppose 0 = -5*o + 7*v + 598, -66*v + 64*v + 12 = 0. Suppose 0 = 2*x - 3*u - 55, x - 4*u + 172 = 6*x. What is the greatest common factor of o and x?
32
Let a be 301 + (0 - 0) + 0. Let z be 3 + (-150)/(-4) + (-110)/(-44). What is the highest common divisor of z and a?
43
Let d(n) = 57*n - 12. Let z be d(5). Let b be 20/6*z/65. What is the greatest common factor of 14 and b?
14
Let r(c) = -c**2 - 7*c - 2. Let m(u) = 3*u + 4. Let y be m(-4). Let v be r(y). Let j = -8 - v. Calculate the greatest common factor of 22 and j.
2
Suppose -360 = -2*s - s. Suppose -148 - 788 = -39*n. Calculate the highest common factor of s and n.
24
Suppose -5*v = 3*z - 8, z + 2 - 5 = -2*v. Let f be (v - 2)/((-3)/33). Let q(l) = -15*l + 88. Let m be q(0). Calculate the greatest common factor of m and f.
11
Let d be ((-2)/(-4))/(1/10). Let v(u) = -49*u - 6051. Let n be v(-124). What is the highest common divisor of d and n?
5
Let w(z) = -z**2 - 6*z + 4*z - 1 + 2*z. Let i(a) = -7*a**2 - 2*a - 10. Let s(m) = -i(m) + 6*w(m). Let p be s(4). What is the highest common factor of 4 and p?
4
Suppose -m + 5*z - 1 = 0, 2*m = 5*z + 3 + 15. Calculate the highest common factor of 2166 and m.
19
Suppose 0 = 3*m + 4 + 5. Let f be (-4)/(-7 - m) + -5. Let j be (-26)/f - 3/(-6). What is the greatest common divisor of j and 49?
7
Suppose -181 = -k - 53. Suppose 0*h - 2*h = 8, 4*o = -3*h. Suppose -o*w = w - k. What is the highest common factor of w and 16?
16
Let s = -24 + 40. Let n = 48 - 81. Let d = n + 81. Calculate the highest common divisor of d and s.
16
Suppose 0 = 2*v - 4, -2*p - 98*v + 688 = -99*v. Calculate the greatest common divisor of 45 and p.
15
Suppose 0 = 5*q + 4*r - 20, -3*q - 20 = -2*r - 2*r. Suppose 9 = h - q*c - 4*c, -4*c = 0. What is the highest common factor of h and 27?
9
Suppose -94*u + 1219 + 1234 - 573 = 0. Let f = -10 + 20. What is the greatest common divisor of f and u?
10
Let c(v) = 3*v**2 + 6*v + 2. Let r be c(-2). Let b = -9 + 8. Let s be b - (-3)/(-3) - -20. Calculate the greatest common factor of r and s.
2
Suppose 10*w = 11 + 29. What is the highest common divisor of 34 and w?
2
Suppose -203 = h + d, 4*h + d + 812 = -2*d. Let q = -95 - h. What is the highest common divisor of q and 27?
27
Let b be 4*-2*(255/(-20) + 3). Let w be 1/((-12)/(-98)) - 13/b. Let o(x) = 55*x**2 + 1. Let t be o(-1). Calculate the highest common factor of t and w.
8
Let f = 126 + -111. Let k = 17 + -2. Let d = k - 9. What is the highest common factor of f and d?
3
Suppose 0 = 3*s - 2*p - 258 - 209, 326 = 2*s - 5*p. What is the greatest common factor of 18 and s?
9
Suppose -16*s = -18*s + 3282. Suppose 831 = j - 2*o, 0*o + 3*o - s = -2*j. Suppose -3*x - 2*x + j = 0. Calculate the highest common divisor of 33 and x.
33
Let b(d) = d**3 + 4*d**2 - 4*d. Let v(p) = -p**2 - 5*p - 4. Let a be v(-5). Let q be b(a). Calculate the highest common factor of q and 16.
16
Let o = 1257 + -1104. Suppose 15 = 2*m - 3. Calculate the greatest common factor of o and m.
9
Suppose 5*p = 1981 - 226. What is the greatest common factor of p and 13?
13
Let q be (0 - -17)/(0 - 3/(-12)). Let s = 98 - q. What is the greatest common divisor of 6 and s?
6
Suppose -5*c + c + 176 = 3*x, 237 = 4*x + 3*c. Suppose -5*k - 317*u + 49 = -321*u, -5*k + 37 = -2*u. Calculate the highest common divisor of x and k.
5
Suppose -5*s + 244 = -s - 4*m, -3*m = -6. Let y = -23460 + 23467. What is the highest common divisor of s and y?
7
Suppose 0 = 3*s + 3*t - 69, -2*s + 42 = 3*t + t. Suppose -3*g + 31 = -b, 4*g = 3*g + 4*b + s. What is the greatest common divisor of g and 9?
9
Let r = -355 + 205. Let p be (4/(-5))/(15/r) + -4. What is the highest common divisor of p and 18?
2
Suppose -4*x = -2*r - 10, 2*x - 20 = -0*r - 4*r. Suppose -x*v + 24 = -h, 7 + 16 = 3*v - 2*h. Calculate the greatest common divisor of 65 and v.
5
Suppose 1034 = 2*o + z, -19*o - 2*z = -17*o - 1036. What is the greatest common divisor of 60 and o?
12
Suppose 169 = -5*i + 719. Calculate the highest common divisor of 22 and i.
22
Suppose -12 = -4*w, 5*w = 5*m + w - 328. Calculate the greatest common factor of m and 17.
17
Suppose t - 14 + 15 = 0. Let j = 9 - t. What is the highest common divisor of 10 and j?
10
Let q = 401 - 389. Calculate the greatest common divisor of q and 6.
6
Suppose -r + 4*v = 3*v - 6, 3*r + 5*v - 34 = 0. What is the greatest common divisor of 392 and r?
8
Suppose -11*d - 5040 = -26*d. What is the greatest common divisor of d and 192?
48
Let n = -6 + 14. Let h = n + -4. Let m(b) = -b + 9. Let x be m(7). Calculate the highest common factor of h and x.
2
Let i = -850 - -2614. Suppose -i = -7*v + 3*v. What is the greatest common factor of 49 and v?
49
Let g be (684/(-30))/((-1)/5). Suppose 3*f - 66 = g. Let w be (-5)/(f/44)*-3. Calculate the highest common factor of w and 11.
11
Let p(r) = -r**3 + 12*r**2 + 12*r + 7. Suppose -8 = -w + 5. Let z be p(w). Let y be z/39 - (-1570)/65. Calculate the greatest common factor of y and 4.
4
Let p = -3 + 49. Let b = p - 10. What is the greatest common factor of 36 and b?
36
Let t be 7*54/252*1150/3. Calculate the greatest common divisor of t and 50.
25
Suppose f + 9 + 1 = 0. Let g(x) = x**3 - 2*x**2 - x - 1. Let n be g(-2). Let s = f - n. Calculate the greatest common factor of 10 and s.
5
Let a(x) = 12*x**3 + 2*x**2 - 1. Suppose 0 = 2*r + 3*r + 4*u - 5, -5*r = 3*u - 5. Let k be a(r). Calculate the greatest common divisor of 104 and k.
13
Let f(t) = 3*t**3 - 8*t**2 - 18*t + 7. Let h be f(5). What is the greatest common factor of h and 46?
46
Let h(p) = -138*p - 15. Let w be h(-1). What is the highest common factor of w and 82?
41
Suppose -3*g = 5*t - 42, 4*g = -2*t + g + 24. Let v be (1 - 0)*(-3)/t*-34. What is the highest common factor of v and 119?
17
Suppose 4*x - 37*n - 127 = -38*n, -x + n = -33. Calculate the highest common factor of 40 and x.
8
Let t(n) = 193*n - 2. Let i be t(1). Suppose 5*j + b = -2*b - i, 3*b - 209 = 5*j. Let y be 6/(5/(j/(-6))). What is the highest common divisor of 88 and y?
8
Suppose -3*w + 8*w + p = 167, w + p - 35 = 0. Let o = -28 + w. What is the highest common factor of 5 and o?
5
Suppose -76 - 356 = -6*v. What is the highest common divisor of 96 and v?
24
Suppose -3*r + t + 235 = 2*t, -3*r - 4*t = -247. Let a(w) = -w**3 - 8*w**2 + 9*w + 11. Let h be a(-9). Calculate the highest common factor of r and h.
11
Let c = -89 - -88. Let q be c - (79/(-1) - 3). Calculate the highest common divisor of q and 9.
9
Let n(z) = -z + 7. Let p be n(5). Let h = -67 - -85. What is the highest common divisor of h and p?
2
Let q be (-56)/(-10) - (-2)/5. Let y(a) = 2*a**2 + a - 3. Let o be y(-3). Calculate th